)/j)/(7/(-21))?
2
Suppose 0 = 2*s - 12*s - 360. Let u = 139 + s. What are the prime factors of u?
103
Suppose 0 = 14*p - 13*p - 5. Let v(g) = 2*g**2 + 8*g + 12. What are the prime factors of v(p)?
2, 3, 17
Let d(u) = 128*u - 32. What are the prime factors of d(8)?
2, 31
Suppose -3*w = -4*y + 2973, 0*y + 3*w - 762 = -y. What are the prime factors of y?
3, 83
Let j = -2157 + 474. What are the prime factors of -2 + 2 - j/11?
3, 17
Suppose 21*l + 32056 = 29*l. List the prime factors of l.
4007
Let p = -77 + 267. Suppose -s - 4*s = -p. Let m = -16 + s. List the prime factors of m.
2, 11
Suppose 4*b - 4 = 2*r - 24, 0 = -3*r - 5*b - 14. Suppose w + 4*a = 31, 2*w + 3*a - r*a = 27. List the prime factors of w.
11
What are the prime factors of -3037*(11 + 108/(-9))?
3037
Let h(t) = t - 15. Let x be h(17). Suppose 0*d = -x*d. Suppose -3*u + 6*u - 33 = -v, d = -3*u - 12. What are the prime factors of v?
3, 5
Let n(v) = 7*v**2 - 6*v - 69. List the prime factors of n(16).
1627
Let l(m) = -33*m + 241. What are the prime factors of l(-16)?
769
Let m = 280 + -93. List the prime factors of m.
11, 17
Let b(o) be the second derivative of -11*o**5/20 + o**4/6 + o**3/2 + o**2 - 6*o. What are the prime factors of b(-1)?
2, 3
Suppose 3*h - 5 = -2*b + 2*h, b = -4*h + 6. Suppose -3*n + 104 + 281 = 4*a, -b*n = 3*a - 290. What are the prime factors of a?
2, 5
Suppose -12*z = -1737 - 1311. List the prime factors of z.
2, 127
Let m(b) = -3*b. Let x be m(-2). Let y(d) = -d**3 + 11*d**2 - 2*d - 23. List the prime factors of y(x).
5, 29
What are the prime factors of 30/9*(-4 + 73 + 0)?
2, 5, 23
Let x(m) = -m - 7. Let r be x(-5). What are the prime factors of 16*(3 + r/(-4))?
2, 7
Let j(d) = -d + 2. Let z = -15 - -7. Let f be j(z). Suppose 3*q - 2*w = -0*w + f, 0 = 2*q - 5*w + 8. What are the prime factors of q?
2, 3
Let m(y) = -17*y**3 + 13*y**2 - 25*y - 6. What are the prime factors of m(-5)?
7, 367
Suppose -5*s - 404 = -7*s. Suppose 3*q - s = 2*q. List the prime factors of q.
2, 101
Let n(o) = -14*o**3 + 13*o**3 - 2 - 6 + 12*o**2. List the prime factors of n(6).
2, 13
Let b = 563 + -357. Let h = 294 - b. List the prime factors of h.
2, 11
Suppose -4*l - 3*c = -6 - 37, -4*l + 4*c + 64 = 0. Suppose l*j - 11*j = 138. List the prime factors of j.
3, 23
Let o(i) = 3*i**2 + 5*i - 2. Let x be o(-2). Suppose p - 3*j - 50 = x, 5*p + 3*j = -0*j + 196. What are the prime factors of p?
41
Suppose 60 = 9*y - 228. Suppose 4*g = -5*k + 26, -3*k + 18 = 2*g + 2*k. What are the prime factors of 1444/y + g/(-32)?
3, 5
Suppose 45 = s - 136. What are the prime factors of s?
181
Suppose 0 = -4*i + 5*i - 4*z - 11, -2*z - 3 = -i. Let v be i + 3 + 3/1. Let m(s) = 11*s**3 - s**2 + 1. List the prime factors of m(v).
11
Let u(p) be the third derivative of 5*p**4/8 - p**3 - 6*p**2. Let a be u(-11). What are the prime factors of a/(-9) - (1 + 1)?
17
Let g(j) = -206*j + 132. List the prime factors of g(-4).
2, 239
Suppose -5*f - 4*o + 26 = 0, -4*f - 5*o + 6 + 13 = 0. Let b be (-16)/(-12)*f/4. Suppose b*a = 4*a - 34. What are the prime factors of a?
17
Suppose -2*a + 320 = o - 6*o, 2*a - 320 = -4*o. Let r = -132 + a. List the prime factors of r.
2, 7
Suppose -48*f + 5794 = -45*f - 4*w, f - 1940 = -3*w. List the prime factors of f.
2, 967
Let n(v) = -v**3 + v**2 + v + 4. Let i be n(0). Suppose 0 = 5*q - 9*q. Suppose -3*o + 2*z + z = -165, -o + i*z + 58 = q. What are the prime factors of o?
2, 3
List the prime factors of 11/((-110)/875)*-2.
5, 7
Let s = 1307 + -639. List the prime factors of s.
2, 167
Suppose -i + 5*i = 2*m + 12, i + 15 = 5*m. Suppose i*h - 78 = 157. List the prime factors of h.
47
Let i = 11442 - 7280. What are the prime factors of i?
2, 2081
Suppose 0 = -47*h + 42*h + 15. Suppose -5*w + 967 = h*n, 3*n - 3*w + w - 953 = 0. List the prime factors of n.
11, 29
Let b(r) = -2*r - 13. Let d be b(-11). Let k = d - -24. List the prime factors of k.
3, 11
Let y(m) = 8*m**2 - m - 6. Let o(w) = -8*w + 3. Let a be o(1). List the prime factors of y(a).
199
Let s(i) = 149*i**2 + 6*i + 6. Let o be s(-2). Suppose -48*c = -43*c - o. List the prime factors of c.
2, 59
Let m be -12*((-74)/6 + 2). Let i = -71 + m. List the prime factors of i.
53
Let j be (352/40)/(2/15). Suppose 2*r + 0*r + j = 2*g, -165 = -5*g - 2*r. Let u = 46 - g. What are the prime factors of u?
13
Suppose -x = -4*v + 1428, -v + 57*x - 61*x + 374 = 0. What are the prime factors of v?
2, 179
Let c(m) = 401*m**2 + 2*m - 2. What are the prime factors of c(2)?
2, 11, 73
Let k(i) = i**3 + 10*i**2 + 7*i - 14. Let b(v) be the third derivative of -v**3/6 + 9*v**2. Let t(s) = -3*b(s) + k(s). List the prime factors of t(-9).
7
Suppose -2*z - 12 = z. Let x be (-228)/(-9) - z/(-12). Let m = x - 7. What are the prime factors of m?
2, 3
Let t = 365 - 141. List the prime factors of t.
2, 7
Let b be -90*(4/2)/(-2). Suppose 0 = -5*k + 3*i - 7*i + b, 105 = 5*k + i. Suppose 0 = -3*j + k + 68. List the prime factors of j.
2, 3, 5
Let y = 376 - 44. List the prime factors of y.
2, 83
Let k(q) = -10*q + 2. Let f be k(-5). Suppose 0 = -5*p + f + 88. Suppose 4*s = -2*a + p, 2*s + 2 = a + 8. List the prime factors of s.
5
Let n = 200 - 35. List the prime factors of -2 - (n/(-9) - 3/(-9)).
2
List the prime factors of -9 + 483/35 + (-1)/(-5).
5
Suppose -554 = -2*j + 46. Suppose j = -90*a + 94*a. List the prime factors of a.
3, 5
Let n(o) = -165*o**3 - 3*o - 2. Let r be n(-1). Suppose 5*m - r = -2*i, 3*m - i - 104 = -0*i. What are the prime factors of m?
2, 17
Let o(r) = 7*r**3 - 6*r**2 - 9*r + 13. List the prime factors of o(7).
11, 17
Suppose -6151 = -7*p - 362. What are the prime factors of p?
827
Let x(l) = -243*l - 32. What are the prime factors of x(-3)?
17, 41
Suppose 0 = 3*a, -2*a = 3*j - 6*a - 12. Suppose -j*o = -5*l - 644, -4*l - l = -2*o + 312. List the prime factors of o.
2, 83
Suppose 3 = -5*n + 6*n. Suppose 5*l + 3 = a, 6*a + n*l = a + 71. Let u = 22 - a. List the prime factors of u.
3
Suppose -2*k - 2*i = -522, 0*k - 3*k + i = -799. What are the prime factors of k?
5, 53
Let t(k) = 25*k**3 - 47*k**3 + 21*k**3 + 4*k - 15 + 18*k**2. What are the prime factors of t(18)?
3, 19
Let j = -17 + 23. Suppose -j*n = -5*n - 2, -3*b - 4*n = 46. Let k = b + 26. What are the prime factors of k?
2
Let a be 3 + -2 + (-39 - -9). What are the prime factors of -6 + 9 - (a + 0)?
2
Let m be ((-176)/40 - 12)*5*1. Let s(z) = 7*z**2 + 3*z + 4. Let u be s(4). Let t = u + m. What are the prime factors of t?
2, 23
Let w(z) = 3*z + 2. Let g(m) = -2*m - 3. Let a(b) = 3*g(b) + 4*w(b). Suppose 0 = -0*y - 9*y + 18. List the prime factors of a(y).
11
Let t(b) = b**2 - b + 257. Let l be t(0). Suppose 4 = -4*u, -66 = -2*v + 5*u + l. What are the prime factors of v?
3, 53
Let p be (306/(-85))/((-2)/40). Suppose -3*i + 11*i = p. What are the prime factors of 673/i + 4/18?
3, 5
Let f be 1216/(-24)*(-6)/1. Suppose 5*a - 156 = f. List the prime factors of a.
2, 23
Let k(f) = f**3 - 6*f**2 - 5*f - 10. Let r be k(7). Suppose -r*s = m - 59, s - 5*s + 359 = 5*m. Let v = 134 - m. What are the prime factors of v?
59
Let b be (1 - -3) + 2 + -2. Suppose 5*c - b = 11. Suppose c*h - 40 = -z, 0 = h + 2*h - 12. What are the prime factors of z?
2, 7
Suppose -2*l = -0*l + 12. Let c = 14 + l. What are the prime factors of c?
2
Suppose -18 = -6*g + 6. Suppose 0 = -g*o - 113 + 649. What are the prime factors of o?
2, 67
Let i be -4*(2 + (-13)/4). Suppose -d = l - 111, 2 = -d + i. What are the prime factors of l?
2, 3
Let d(v) = -19 - 6*v + 2*v + 3*v. Let f be d(-15). Let n(s) = 4*s**2 + 3*s + 2. What are the prime factors of n(f)?
2, 3
Let y = -682 + 1641. Suppose 5*v - 12*v + y = 0. What are the prime factors of v?
137
Suppose 0 = 2*o - 4*k - 1418, -709 = 21*o - 22*o - 3*k. List the prime factors of o.
709
Suppose 2*w - 2*c - 4 = 0, w + 0*c - 6 = -3*c. Suppose -5*k = 3*v + v + 251, -w*k + 109 = -2*v. What are the prime factors of -3 - (v + -3 - 2)?
61
Let k(a) = a**3 - 2*a**2 - 16*a - 9. Suppose -13*m + 16*m = 21. What are the prime factors of k(m)?
2, 31
Let l(t) = t**2 + 17*t + 10. List the prime factors of l(-26).
2, 61
Let i be (-3 - -1) + -5 + 2. Let l(o) = -3*o + 6. Let c be l(i). Let u = c + -12. List the prime factors of u.
3
Suppose -2*d + 6*d - 3*i = 219, 267 = 5*d + 3*i. What are the prime f